{"id":5491,"date":"2023-12-11T15:17:30","date_gmt":"2023-12-11T14:17:30","guid":{"rendered":"https:\/\/www.zenzabientre.fr\/?post_type=product&#038;p=5491"},"modified":"2023-12-11T15:17:31","modified_gmt":"2023-12-11T14:17:31","slug":"savon-ayurvedique-vetiver-7e","status":"publish","type":"product","link":"https:\/\/www.zenzabientre.fr\/index.php\/product\/savon-ayurvedique-vetiver-7e\/","title":{"rendered":"Savon Ayurv\u00e9dique V\u00e9tiver    7\u20ac"},"content":{"rendered":"<p>Savon de 100g<\/p>\n<p>L\u2019huile de coco press\u00e9e \u00e0 froid est saponifi\u00e9e puis m\u00e9lang\u00e9e \u00e0 des huiles v\u00e9g\u00e9tales et des huiles essentielles de plantes reconnues pour leurs vertus dans la tradition ayurv\u00e9dique.<\/p>\n<p>Ce savon est le fruit d\u2019un partenariat engag\u00e9 par Karawan avec une unit\u00e9 de production artisanale ayant l\u2019agr\u00e9ment indien \u00ab\u00a0 ayurv\u00e9da \u00bb qui garantit la tra\u00e7abilit\u00e9 d\u2019ingr\u00e9dients exclusivement naturels.<\/p>\n<p>Les recettes sont pr\u00e9par\u00e9es en respectant la nature de la peau, avec une approche globale de ses besoins.<\/p>\n<p>Ce savon l\u00e9ger et onctueux mousse abondamment, il adoucit les peaux fragiles ou tr\u00e8s s\u00e8ches.<\/p>\n<p>Il s\u2019utilise \u00e9galement comme shampoing.<\/p>\n<p><strong>Composition :\u00a0<\/strong>Huile de coco press\u00e9e \u00e0 froid, huile de ricin, huile de chaumoogra, huiles essentielles pures de vetivier,\u00a0 cypr\u00e8s, patchouli, curcuma, c\u00e8dre, carvi, acore odorant.<\/p>\n<p><strong>Dans un pack totalement \u00e9cologique, ce produit est conditionn\u00e9 dans un coque v\u00e9g\u00e9tale en feuille de bananier qui petu \u00eatre emport\u00e9 partout et fera un tr\u00e8s beau porte savon<\/strong><\/p>\n","protected":false},"excerpt":{"rendered":"<p>Savon de 100g L\u2019huile de coco press\u00e9e \u00e0 froid est saponifi\u00e9e puis m\u00e9lang\u00e9e \u00e0 des huiles v\u00e9g\u00e9tales et des huiles essentielles de plantes reconnues pour leurs vertus dans la tradition [&hellip;]<\/p>\n","protected":false},"featured_media":5492,"template":"","meta":[],"product_brand":[],"product_cat":[154],"product_tag":[],"class_list":{"0":"post-5491","1":"product","2":"type-product","3":"status-publish","4":"has-post-thumbnail","6":"product_cat-non-classe","8":"first","9":"instock","10":"shipping-taxable","11":"product-type-simple"},"_links":{"self":[{"href":"https:\/\/www.zenzabientre.fr\/index.php\/wp-json\/wp\/v2\/product\/5491","targetHints":{"allow":["GET"]}}],"collection":[{"href":"https:\/\/www.zenzabientre.fr\/index.php\/wp-json\/wp\/v2\/product"}],"about":[{"href":"https:\/\/www.zenzabientre.fr\/index.php\/wp-json\/wp\/v2\/types\/product"}],"version-history":[{"count":1,"href":"https:\/\/www.zenzabientre.fr\/index.php\/wp-json\/wp\/v2\/product\/5491\/revisions"}],"predecessor-version":[{"id":5493,"href":"https:\/\/www.zenzabientre.fr\/index.php\/wp-json\/wp\/v2\/product\/5491\/revisions\/5493"}],"wp:featuredmedia":[{"embeddable":true,"href":"https:\/\/www.zenzabientre.fr\/index.php\/wp-json\/wp\/v2\/media\/5492"}],"wp:attachment":[{"href":"https:\/\/www.zenzabientre.fr\/index.php\/wp-json\/wp\/v2\/media?parent=5491"}],"wp:term":[{"taxonomy":"product_brand","embeddable":true,"href":"https:\/\/www.zenzabientre.fr\/index.php\/wp-json\/wp\/v2\/product_brand?post=5491"},{"taxonomy":"product_cat","embeddable":true,"href":"https:\/\/www.zenzabientre.fr\/index.php\/wp-json\/wp\/v2\/product_cat?post=5491"},{"taxonomy":"product_tag","embeddable":true,"href":"https:\/\/www.zenzabientre.fr\/index.php\/wp-json\/wp\/v2\/product_tag?post=5491"}],"curies":[{"name":"wp","href":"https:\/\/api.w.org\/{rel}","templated":true}]}}